(o) = o**3 - 45*o**2 - 50*o + 184. Let v be c(46). Determine k(v).
3
Let b(r) = r - 10. Let z be 3 + (-33)/12 + 4/(-16). Determine b(z).
-10
Let p(l) = 4*l**2 - 3*l + 4. Let a(k) = -3*k**2 + k - 4. Let z(m) = -3*a(m) - 2*p(m). Calculate z(-4).
8
Let r(a) be the third derivative of -a**5/60 - 7*a**4/8 + 11*a**3/3 - 2*a**2 + a. Let w(h) be the first derivative of r(h). What is w(-14)?
7
Suppose -11 - 21 = -j. Let r = 26 - j. Let g(d) = -d**3 - 6*d**2 - 6. Give g(r).
-6
Let h(t) = -t**2 + 5*t. Let s be 18*(22/6 + -3). Suppose u + 3*m + 3 = 0, 0 = -2*u + 6*u - m + s. Let d be (u - 7/(-4))*-4. Determine h(d).
0
Let x(w) = -w**3 + 4*w**2 + 4*w + 5. Let z be (-1)/((-2 - -1)/5). Let f = z + 5. Let g be -1*3/((-6)/f). Give x(g).
0
Let w(i) = -i - 2. Let g(b) = -3*b**3 - b**2 - b - 1. Let o be g(-1). Let s(l) = l**2 + 9*l + 2. Let x be s(-10). Suppose -t = o*t + x. Calculate w(t).
2
Let d(w) = -3*w + 53. Let g be d(17). Let j(b) be the second derivative of -b**3/2 + b**2/2 + 5*b. Determine j(g).
-5
Let m(k) = 5*k**2 - 3*k + 2. Suppose -y - 31 = 4*h - 13, y + 3*h + 13 = 0. Give m(y).
16
Let u(w) = 7*w + 6. Let t(b) = 7*b + 7. Let m be (-3)/(-9) + 3*(-16)/(-18). Let d(x) = m*t(x) - 4*u(x). Give d(-3).
18
Let z(o) = 54*o - 107*o + 55*o + 1. Calculate z(-5).
-9
Suppose 1421*x = 1422*x + 5. Let w(d) = -d**2 - 5*d + 3. Determine w(x).
3
Let c(f) = f - 2. Suppose 2*u = 7*u - 2*x + 14, -4 = 3*u + x. Let p be c(u). Let g(w) = w**3 + 5*w**2 + 5*w. What is g(p)?
-4
Let t(a) = -1. Let u(m) = -2*m + 28. Let x(y) = -6*t(y) - u(y). Calculate x(15).
8
Suppose 5*r - 3 = c + 11, 0 = 4*c - 4. Let p(h) = 2 - h**2 - r + 5*h + 6. Suppose 0 = -2*y + 3*k, -k - 18 = -4*y + 2. Give p(y).
-1
Let q = -22 - -13. Let v(y) = -y**2 - 8*y + 10. Let c be v(q). Let h(f) = 23*f + c - 6*f - 10*f - 9*f. Calculate h(-3).
7
Let s = 0 - -10. Let j(p) be the first derivative of -p**2/2 + 15*p - 1035. Determine j(s).
5
Let u(v) = 339 + 2*v - 332 - 3*v. Determine u(-8).
15
Let u(i) = -3*i + 4*i - 396 - 2*i + 194 + 203. Calculate u(2).
-1
Let v(t) be the first derivative of 2*t**2 - 30*t + 87. Give v(9).
6
Let g(n) be the second derivative of -n**5/60 + n**4/6 + n**3/6 - 7*n**2 - 25*n. Let m(a) be the first derivative of g(a). Calculate m(3).
4
Let p(b) = 17*b**3 - 9*b**2 - 4*b - 6. Let d(g) = 3*g**3 - g**2 - g - 1. Let z(i) = 6*d(i) - p(i). Suppose -6 + 33 = -9*o. Determine z(o).
6
Let v(d) = -22*d + 176. Let i be v(8). Let h(p) = -p - 19. Determine h(i).
-19
Let s(n) = n + 10. Let v be s(7). Let q(w) = -w**2 + 18*w - 16. Let u be q(v). Let r(k) = 11*k**2 + 1. Calculate r(u).
12
Let b(q) = 80*q - 87*q - q**2 + 0*q**2 + 1 + 2*q**2. Calculate b(7).
1
Let t(i) = -6*i - 83 + i**3 + 40 + 8*i**2 + 46 - 3*i**2. Determine t(-6).
3
Let u be (1*(-18)/15)/((-3)/(-15)). Let c(h) = -8*h + 7*h - 2*h - h**2. What is c(u)?
-18
Let d(q) = q + 2. Suppose -4*a = -4*r + 11 + 21, 3*a = -5*r. Let p(w) = -w - 2. Let z(u) = a*p(u) - 4*d(u). Calculate z(-4).
-2
Let r(o) = 4 - 3*o**2 - 6*o - 1 + o**2 + o**2. Suppose -5*a = j - 11, 5*j - 7*a = -3*a + 26. Suppose j + 0 = -f. Determine r(f).
3
Let o(c) be the second derivative of 1/6*c**3 - 4*c**2 + 6*c + 1/12*c**4 + 0 - 1/20*c**5. Determine o(0).
-8
Suppose -4*i - 24 = -0*i. Let w(u) = -u**3 - 26*u + 8 + 10*u - 5*u**2 + 9*u + 15*u. Calculate w(i).
-4
Let n(g) = -4*g**3 + 2*g**2 + 5*g - 12. Let l = -8 - -8. Let s(z) = -6*z + 22 + z - 9 - z**2 + 5*z**3 + l*z**2. Let c(q) = -6*n(q) - 5*s(q). Give c(-6).
1
Let f(l) = l**2 + 4*l - 1. Let k be 0 - (2 - (4 + -1)). Suppose 0 = 7*u - 2*u - 10. Suppose a + k = -u. Calculate f(a).
-4
Let u(g) = 13*g - 13. Suppose a - 2*j - 19 = 0, -2*a + j + 29 = -0*j. Let w(x) = 1. Let b(r) = a*w(r) + u(r). Determine b(-1).
-13
Suppose 2*f - 14 = 3*f + 3*w, f + 5*w = -18. Let j(u) be the third derivative of -u**4/24 - 5*u**3/6 - u**2 + 2. Give j(f).
3
Let g(r) be the first derivative of -r + 1/4*r**4 - 5/3*r**3 + r**2 + 11. Calculate g(5).
9
Let a be (5/(-3))/(10/30). Let j(t) = 6 + t**2 + 0*t**2 - 52*t - 45*t + 102*t. What is j(a)?
6
Suppose 22 = -3*t + 64. Let h be 2*(-2)/8*t. Let r(a) = a + 9. Give r(h).
2
Suppose -5*p + 3 = -h, -4*h + p = 6*p - 13. Let x(a) = -a - 2*a**2 + a**h + 11 - 8. Determine x(-4).
-9
Suppose 0 = -3*p + 2*f + 4, -2*p - 4*f + 5 = -3*f. Suppose 0 = -6*d + p*d - 8. Let o(a) = 2 - a**3 - 3 + 9*a - 11*a - a**2 - 1. Calculate o(d).
6
Let l = 5214 - 5211. Let x(a) = 0*a + 2*a + 0*a. Give x(l).
6
Let m(k) be the first derivative of 7 - 2*k + 10 + k**2 - 13. Let p be (-36)/21 + (-2)/7. What is m(p)?
-6
Let v = 19 - 11. Suppose v*y - 4*y + 4 = 0. Let f(g) = 3*g**3 + g**2 + 2*g + 1. Let k be f(y). Let a(q) = -q**2 - 5*q - 2. Give a(k).
4
Let p(d) = 2*d - 5. Suppose -3*s + u + 21 = 0, 2*u = -27*s + 24*s + 12. Give p(s).
7
Let r(t) = t**3 + 8*t**2 - t - 4. Let b = 797 - 805. Determine r(b).
4
Suppose -3*j = 1 + 17. Suppose t + 4 = 2*y + 3, -2*t - 42 = 4*y. Let z = t - j. Let n(m) = m + 4. Calculate n(z).
-1
Let f(a) = -a + 7. Let w(y) = -3*y + 4. Let u be -1 - (0 - 2 - 1). Let l be w(u). Let k be (-8)/12*9/l. What is f(k)?
4
Let m(k) = k + 3. Let b = -350 + 340. What is m(b)?
-7
Let z = 5 - -12. Let i(s) = -1 + z*s**3 - 5*s + 6*s - 23*s**3. Calculate i(1).
-6
Let g(c) = -c**3 - 21*c**2 - 34*c + 77. Let d be g(-19). Let t(p) = -p - 2*p**2 + 5*p**3 + 1 + 2*p**2. Determine t(d).
5
Let r(z) = -26*z - 124. Let n be r(-5). Let g(j) = -j + 11. Calculate g(n).
5
Let t(v) = -2*v**2 - 402*v**3 + 204*v**3 + 2*v - 4*v + 2 + 199*v**3. Let o(i) = -i**3 + i**2 + i + 3. Let d be o(0). Determine t(d).
5
Suppose s - 2*s - 5*j = 19, j - 38 = 2*s. Let l = s + 22. Let y(d) = 3*d + 4*d**3 - 4 - 6*d**3 + d**l. What is y(-3)?
14
Let n(x) = 5*x**3 + 16*x**2 - 3*x - 8. Let y(d) = 4*d**3 + 15*d**2 - 9. Let h(a) = 3*n(a) - 4*y(a). Give h(-11).
-10
Let w(p) = -p**3 - p**2 - 9. Let b(u) = -u**3 + 3*u**2 + 4*u - 2. Let v be b(4). Let k = v - -2. Determine w(k).
-9
Let t(l) be the first derivative of -8 + 3*l - 5/2*l**2 - 1/3*l**3. Give t(-4).
7
Let w(q) = -q + 5. Let h = -383 - -383. Determine w(h).
5
Let h(s) = 6*s**2 - s - 2. Let u be h(2). Suppose 5*c + 5*m + 0 = -u, -5*c - m = 0. Let p(o) = -1845*o**2 - o + 7*o**3 + 1 + 1845*o**2. Give p(c).
7
Suppose -2*l - 3 = -1. Let r(x) be the first derivative of -3*x**4/4 - x**3/3 - x**2/2 - x + 12411. Determine r(l).
2
Let j be (122/(-18) - -6)*9. Let l(i) = i**3 + 6*i**2 - 7*i - 9. Calculate l(j).
-9
Let g(h) = -30 - 13*h**2 - 4*h + 16*h - 14*h - h**3. Calculate g(-13).
-4
Let v(u) = 5*u**2 - 8*u + 9. Let f(s) = 11*s**2 - 18*s + 17. Let t(i) = -4*f(i) + 9*v(i). Let m(a) = a**3 + 5*a**2. Let w be m(-5). What is t(w)?
13
Let a(t) = t - 2. Let r = 24 - 35. Let b = r + 14. Suppose b*c - 17 = -5*d + d, -d + 3 = 2*c. Give a(d).
3
Let i(u) = -14*u**2 - 6*u - 11 - u**3 + 21*u + 16. Give i(-15).
5
Let g(q) be the third derivative of 0 + 0*q - 1/3*q**3 - 11*q**2 - 1/4*q**4. Let j be 8/36 - (-20)/(-9). Give g(j).
10
Let r(h) = 6*h**2 + 1. Let f(d) be the second derivative of -1/3*d**4 - 1/20*d**5 + 2*d**2 + 6*d + d**3 + 0. Let j be f(-5). What is r(j)?
7
Let i(n) be the second derivative of -n**4/12 + n**3/3 - n**2/2 + 74*n. Let u = 7 - 4. Give i(u).
-4
Suppose -4*z - 3*z = -91. Let w = z - 10. Let u(l) = l**3 - 4*l**2 + 4*l - 3 + 0*l + 0*l**2. Calculate u(w).
0
Let c(i) = 7*i**2 - 19*i + 25. Let f(m) = -3*m**2 + 10*m - 12. Let o(d) = 2*c(d) + 5*f(d). Determine o(11).
1
Let n(a) = -a**2 + 3*a - 3. Let d be 50/15 + -3 - (-8)/3. What is n(d)?
-3
Let q(a) be the first derivative of 23 - 2*a - 8/3*a**3 - a**2 + 1/4*a**4. Calculate q(8).
-18
Let u(w) = -10*w**3 - 11*w**2 - 35*w + 28. Let j(m) = -7*m**3 - 7*m**2 - 25*m + 19. Let o(f) = -7*j(f) + 5*u(f). Calculate o(-6).
7
Let l(q) = -q**3 - 11*q**2 - 10*q - 10. Let h = -154 - -144. What is l(h)?
-10
Let p be (-2)/11 + (-84)/(-462). Let y(j) = j**3 + 2*j + 13. What is y(p)?
13
Let t(z) be the first derivative of -z - 1/2*z**2 + 2. Let b = -858 + 858. Determine t(b).
-1
Let s(v) = v - 11. Let q = 214 + -207. Calculate s(q).
-4
Let m = -882 + 887. Let l(z) = -z**3 + 6*z**2 - 7*z + 1. What is l(m)?
-9
Let g(t) be the third derivative of -t**4/8 + t**3/6 - t**2. Let n(z) = z**3 + 2*z**2 - 4*z + 1. Let c be n(-3). Let s be (-4 - (-28)/c) + -2. Calculate g(s).
-2
Let q(d) = 7*d + 2*d**2 - d